st common factor of i and 21?
7
Let d(g) = 5*g**2 + g. Let i be d(-1). Let t be 1*1/2*i. Let p be (5 + -2)*t/6. What is the highest common factor of 11 and p?
1
Suppose 6*h = 5*h + 16. Calculate the greatest common divisor of 80 and h.
16
Let z be (-19)/7*-7 + 1/1. What is the highest common divisor of 100 and z?
20
Suppose 0 = -5*h + h + 5*o + 39, -2*o = -5*h + 36. Let r = h - -3. Let m = r - -1. What is the highest common factor of m and 10?
10
Let j = 7 - 4. Suppose -j*m + 50 + 70 = 0. What is the highest common factor of 10 and m?
10
Suppose -l + 26 - 8 = 0. Calculate the greatest common factor of l and 18.
18
Suppose -h = -5*h + 68. Let d = h + 51. Suppose -531 + d = -5*o + 4*x, -4*o - 2*x + 360 = 0. What is the greatest common divisor of 13 and o?
13
Let s(h) be the second derivative of -h**3/6 + h**2 - 4*h. Let n be s(-4). Calculate the greatest common factor of n and 24.
6
Let l(n) = -2*n**2 + n - 1. Let w be l(-3). Let v = -4 - w. Calculate the highest common divisor of 6 and v.
6
Let s(w) = 16*w + 28*w + 2 + 0 + 1. Let n be s(3). Calculate the highest common factor of 15 and n.
15
Let f be (-2)/2*(-3 - -1). Suppose f*l + l - 30 = 0. Calculate the greatest common divisor of 20 and l.
10
Let z = 31 - 12. Calculate the highest common factor of 133 and z.
19
Suppose -4*c - 69 = -b - 7*c, 5*c = 5*b - 325. What is the highest common factor of b and 6?
6
Suppose -3*n - 6 = z, 0 = 3*z - 5*z + 3*n - 3. Let m(r) = -5*r - 1. Let d be m(z). Calculate the highest common factor of 56 and d.
14
Suppose -5*k + 243 = -0*k + 3*a, 0 = 5*k - 4*a - 236. Suppose -3*b + 45 = 2*b. Let o be b/((-1)/(-8)*6). Calculate the greatest common divisor of k and o.
12
Let f = 27 + -26. What is the highest common divisor of f and 6?
1
Let d be (-4)/(-1) + -2 + 0. Suppose 5*r - 6 - 43 = q, -4*r - d*q + 42 = 0. What is the greatest common factor of r and 4?
2
Let i(a) = 2*a**2 + 4*a. Let b be i(4). What is the greatest common divisor of 16 and b?
16
Let p(f) = f**2 + f - 4. Let x be p(-5). Let b = -203 - -379. What is the greatest common factor of b and x?
16
Suppose 5*n - 3*i = 17, n - 3*i - 3 = -2. Suppose n*a - 4*u - 40 = 0, a - u - 16 = 3*u. Calculate the highest common factor of a and 72.
8
Let i be 44 + ((-2)/(-1))/(-1). Let s = 70 + -42. What is the greatest common divisor of s and i?
14
Let c be ((-164)/8)/(2/(-8)). Suppose 2*a - 2*t = 3*a - 64, 4*t + c = a. Calculate the highest common divisor of 14 and a.
14
Let m be 5/2 + 656/32. What is the greatest common divisor of 115 and m?
23
Let d be (-2 - 23)*(-6)/6. Calculate the highest common divisor of d and 50.
25
Let h = 4 - 2. Suppose -v = 3*x - 23, 3*v = h*x + 68 - 10. Let c be (-8)/((v/(-6))/5). What is the highest common divisor of c and 12?
12
Let t(w) = 2*w + 4. Let i be t(20). What is the highest common divisor of i and 4?
4
Let i(m) = 1 + 14*m**2 + m - 2*m - 2 + 2. Let x be i(2). Calculate the highest common factor of x and 11.
11
Suppose 2*z + x = 22, -x + 2*x - 42 = -4*z. Calculate the highest common factor of z and 130.
10
Suppose 5*h - 85 = n, -h + n = -5*h + 77. What is the greatest common divisor of 6 and h?
6
Let d be (-64)/(-2) + (-2 - 0). What is the highest common divisor of 6 and d?
6
Let n(c) = c**2 + 2*c - 4. Let x be n(6). Let v = 87 - 43. Suppose -2*y + 2*k = -22, -2*y - 2*y + v = -5*k. Calculate the highest common factor of x and y.
11
Suppose 0*s = -2*s + 16. Suppose -s = -2*w - 2*w. Let a = 6 + w. What is the highest common divisor of 8 and a?
8
Let r = 4 + 3. Let x be r/(-21) - 26/(-6). Suppose 0 = -4*c - 2*h + 14, x*c - 18 = -c - 2*h. What is the greatest common divisor of 36 and c?
4
Suppose -3*c = 2*c. Suppose c = -h + 7 - 1. Let i be 2*(33/h)/1. What is the greatest common divisor of 33 and i?
11
Let t(z) = z**2 - 8*z + 3. Let j be t(8). Calculate the highest common divisor of j and 3.
3
Suppose 3*a - 25 = -2*a. Suppose -a*y - 7 - 23 = -s, -2*s - 3*y = -47. What is the greatest common factor of s and 5?
5
Let s = -26 - -27. Calculate the greatest common factor of s and 7.
1
Suppose 0*w + 8 = 4*w. Suppose -4*v = -5*r + 2*r + 51, r = -w*v + 7. Calculate the highest common factor of 65 and r.
13
Let g = 6 + -3. Suppose 4*m = 2*r + 12, 0*r - g*m = 2*r - 16. What is the highest common divisor of 3 and r?
1
Let q(u) = 2*u**2 - 3*u + 3. Let j be q(2). Suppose j*r + 40 = 3*f, -3*f = 3*r - 0*f. Let i = 31 - r. What is the highest common factor of 9 and i?
9
Let x = 84 + -49. Calculate the highest common factor of x and 14.
7
Let f be 5/20*20 - (-102 - 1). Let i = 7 - -5. Calculate the greatest common divisor of f and i.
12
Suppose -92 = -5*p - 4*h, 5*p - h - 23 = 79. Let b be ((-24)/p)/((-9)/60). Calculate the highest common factor of 40 and b.
8
Let x = 10 - 6. Let r = x + 13. Let t be (1*34/2)/1. What is the greatest common factor of r and t?
17
Let a(b) = 0*b**3 - 5*b**2 - 2 + 0*b - 4*b - b**3. Let y be a(-4). Let i be (-1)/(-1) + (-24)/y. Calculate the greatest common factor of 91 and i.
13
Let r(p) = -p**3 - p**2 + 9*p - 5*p - 3*p**2 + 6. Let t be r(-5). What is the highest common factor of 55 and t?
11
Let i = 43 + -22. Let w be (-106)/(-3) - 7/i. What is the highest common divisor of w and 5?
5
Let k be (21/(-15) + 2)*5. Let j(p) = p - 1. Let f be j(k). Suppose -4*t - 4*u + 44 = 0, -f*t + 47 = 3*t + 3*u. Calculate the greatest common factor of 7 and t.
7
Let z be (-3)/((-16)/28*(-1)/(-4)). Suppose -5*b + 768 = 3*d + 42, -3*d = 9. Calculate the highest common divisor of z and b.
21
Suppose 0 = -3*n - 0*n + 18. Calculate the highest common divisor of n and 2.
2
Suppose 0 = 3*n - 0*n - 21. Let h(y) = -3*y - 5. Let v be h(-11). What is the highest common factor of v and n?
7
Let x(k) = 4*k + 1. Let t be x(1). What is the highest common factor of t and 40?
5
Let j be (0 - -132)/(-1 + 2). Suppose -5*a = -5*x - 45, -a + x - 27 = -3*a. Calculate the highest common divisor of a and j.
12
Suppose 5*b - 410 = -135. Suppose 33 = -5*x - 12. Let l be (x/(-2) + -2)*2. Calculate the highest common divisor of b and l.
5
Let n(r) = r**3 - 6*r**2 + 5*r + 2. Let t be n(4). Let h be (t/(-2) - 2)*16. What is the highest common divisor of h and 6?
6
Suppose 0 = -3*i + 1 + 5. Suppose -i*s + 35 = -3. Calculate the greatest common factor of 114 and s.
19
Suppose 3*a - 2*a - 26 = 0. Suppose 0 = -2*l + 3 + 1. Suppose -l*s + 260 = 2*s. Calculate the greatest common divisor of s and a.
13
Suppose -4*g + 6 = -g. Suppose -4*i + 3 = -5. What is the greatest common factor of g and i?
2
Suppose 22*p + 3*p - 400 = 0. Calculate the greatest common divisor of 48 and p.
16
Let z = 152 - 143. Calculate the greatest common divisor of 144 and z.
9
Let u be ((-184)/20)/(14/(-35)). What is the greatest common divisor of u and 115?
23
Suppose 0 = -i + 3 + 2, 5*v + 4*i = 30. Suppose 17 = v*w - 21. Suppose 2*b - 2*h = -1 + w, -h = 3*b - 23. Calculate the highest common factor of b and 88.
8
Suppose f - 16 = -s - 2*f, -2*s - 2*f + 16 = 0. What is the greatest common factor of 4 and s?
4
Let n = 8 - 6. Suppose 2*v = -v, -3*x - n*v = -84. What is the highest common divisor of x and 14?
14
Suppose 2*r - 6*r + 88 = 0. Let m be 222/4 + 2/(-4). What is the greatest common factor of m and r?
11
Let q = 1122 - 605. What is the highest common factor of q and 47?
47
Suppose 0 = -5*m + 194 + 56. Let c = -13 + 23. What is the greatest common factor of c and m?
10
Let r(c) = c + 13. Let a be r(-6). Suppose -5*b + 13 = 4*u, 4*b + 0 = -3*u + 9. What is the greatest common divisor of a and u?
7
Suppose -3*f + 73 = 5*x, -15 = -x - 5*f + 4. Suppose -n - n = -x. Let t(r) = -r**2 + 7*r - 3. Let s be t(5). What is the greatest common factor of n and s?
7
Suppose -2*u - 2*b + 5 = 3*u, -5*u - b = -10. Suppose -2*s = -3*q + 65, 3*s = 3*q - 36 - 30. Calculate the highest common divisor of q and u.
3
Let b = -18 + 26. Let t = 28 - b. Calculate the highest common factor of 2 and t.
2
Suppose -4 = -l + 1. Suppose -3*u + 3*p - p = -36, -l*u + 4*p = -60. What is the highest common factor of 12 and u?
12
Let h be ((-2)/4)/((-4)/616). Suppose -4*o + 13 = -15. Calculate the highest common divisor of h and o.
7
Suppose -2*g + 2 = f + 5, 0 = 5*f - 4*g - 13. Suppose s - 3*y - f - 3 = 0, y = -s. Let v be (7 - 2)*(-90)/(-50). Calculate the highest common factor o